2 + 4*n + 6. Let s(p) = 38 + 24 + p**3 - 3*p - 35 - 11*p**2. Let q be s(11). What is the units digit of z(q)?
6
Suppose -33*j + 14 = -26*j. Let a(y) = y + 9. Let k be a(-7). Suppose -454 = -5*i - j*c - k*c, 0 = -i - 3*c + 93. What is the tens digit of i?
9
Let m(c) = 7*c**2 + 162*c + 1354. What is the units digit of m(-87)?
3
Let s = 5863 - 3839. Suppose 24*p = p + s. What is the tens digit of p?
8
Let b = 85 + -103. Let s be (6/b)/(2/12). What is the units digit of 1 - (-3)/s*10/(-15)?
2
What is the hundreds digit of 7/(77/14795) + -9?
3
Let d be (-3)/(-3) - (-5 - -6). Suppose 3*c = 8 + 1, -r - 3*c + 95 = d. What is the units digit of r?
6
Let j(o) = 2*o**2 + 20*o - 1. Let f be j(-8). Let t = 11 + f. What is the tens digit of t/55*(-214 + -1)?
8
Suppose -3*z - 92 = 20*z. What is the units digit of (678/z + 3)/((-11)/22)?
3
Let c(h) = 102*h**3 - 18*h**2 + 46*h - 6. What is the hundreds digit of c(4)?
4
Let p(l) = -5894*l - 7914. What is the tens digit of p(-4)?
6
Let k(l) = 4*l - 37. Let q(t) = 1. Let v(g) = -1. Let o(u) = -4*q(u) - 5*v(u). Let h(m) = -k(m) - o(m). What is the units digit of h(-6)?
0
Let y(k) = 8*k**3 + 3*k**2 - 9. Let j be y(6). Suppose 31*v + j = 7407. What is the units digit of v?
0
What is the tens digit of 2*(-2)/42 + ((-4579273)/(-357) - 7)?
2
Let i = 3377 + -2380. What is the tens digit of i?
9
Let v(o) = -o**3 + 8*o**2 - 5*o + 35. Let g = -72 + 79. What is the tens digit of v(g)?
4
Let z be (1 - -5) + -8 - -46. Let o be (-59)/((-1)/(-2)*2). Let x = z - o. What is the units digit of x?
3
Let h(u) = 7*u - 21. Let m be h(24). Suppose -158*z + 8712 = -m*z. What is the hundreds digit of z?
7
Let d = 26 + 78. Let x = d + 162. Let v = -102 + x. What is the tens digit of v?
6
Let k(w) = 3326*w - 703. What is the thousands digit of k(3)?
9
Suppose -211*l + 20141 = -64892. What is the tens digit of l?
0
Suppose -5*m + 8 = -2*y, 0*y + 5*m - 11 = -y. Suppose 3*z = -7 + y. What is the units digit of 65 - (0 + z)/((-26)/39)?
2
Let f(q) = 14*q**2 - 61*q - 1079. What is the ten thousands digit of f(-52)?
3
Suppose -5*r = w + 22, 4*w + 3*r = -0*w - 20. Let x(p) = 139*p**2 + 4*p + 10. Let s be x(w). Let h = s + -384. What is the hundreds digit of h?
1
Let i(f) = f**3 + 20*f**2 + 36*f + 13. Let z be i(-21). Let c = 1883 + z. What is the units digit of c?
9
Let i = -44 + 46. Suppose -f - 3 + i = 4*r, -3*r + 1 = f. What is the units digit of (-20 + 19)*(-4)/1*f?
8
Let f(g) = -2296*g + 17. What is the tens digit of f(-13)?
6
Suppose -129*y + 245689 = 71*y - 5473311. What is the ten thousands digit of y?
2
Let j(x) = 1 - 5*x - 5 + 189*x**2 + 2. Let v = 92 - 93. What is the units digit of j(v)?
2
Suppose -242 + 1494 = 4*h - 4*c, -2*h + 4*c + 628 = 0. Let j = 127 + h. What is the hundreds digit of j?
4
Suppose 7*k - 14456 - 34691 = 0. Suppose 1029 + k = 10*z. What is the units digit of z?
5
Suppose 128 + 82 = 5*m + 2*o, 5*m = 2*o + 230. Let k be 1*(10/(-25) + m/10). Suppose -5*h + 71 = 3*j, 5*j - 123 + 9 = -k*h. What is the units digit of j?
2
Let c = 1756 + -591. Let u = 1682 - c. What is the units digit of u?
7
Suppose 5*d + 529 = -u, 766 = -u - d + 257. Let y = u - -1220. What is the hundreds digit of y?
7
Let h = -60 - -51. Let o be h*(20/(-15) - -1). Suppose -q = o*q - 100. What is the tens digit of q?
2
Suppose -i - 2199 = -5*l + 747, 0 = 2*l + 3*i - 1192. Let q = -271 + l. What is the units digit of q?
9
Let m(v) be the first derivative of -4*v + 1/3*v**3 - 7*v**2 - 33. What is the units digit of m(15)?
1
Let i = 1742 + -107. Suppose -i - 971 = -2*v + d, 4*v = -d + 5224. What is the hundreds digit of v?
3
Let l = -106 + 106. Suppose -6*f + 4146 - 1044 = l. What is the tens digit of f?
1
Let m = -10872 + 37183. What is the units digit of m?
1
Let m be (2/5)/((-2)/10). Let k be (-11980)/(-60) - m/6. Suppose -4*b + 125 = -4*s - 59, 4*s = -4*b + k. What is the units digit of b?
8
Let r(z) = z**3 + 108*z**2 + 1780*z + 156. What is the hundreds digit of r(-79)?
5
Let u be (-2)/6 + 10*1/30. What is the tens digit of 6 - ((-6 - 658) + u)?
7
Let a(u) = -4*u - 15. Let k be a(-5). Suppose -q + 1540 = -3*r - r, 4*r + 7700 = k*q. What is the tens digit of q?
4
Let o = -9114 + 15128. What is the hundreds digit of o?
0
Let a(h) = -h**3 - 3*h**2 + 4*h. Let o be a(-4). Suppose -2*j + c + 61 = o, 2*c + 10 + 19 = j. Suppose j = p - 21. What is the tens digit of p?
5
Suppose -3*c = -3*b + 201, -289 + 11 = -4*b - c. Let x = -62 + b. Suppose -15*l + x*l = -24. What is the units digit of l?
3
Suppose 0 = 3*c + 6, -o + 3*c = 3*o - 30542. What is the tens digit of o?
3
Suppose 5*w - 332 = -0*w + 3*q, 3*w - 5*q - 212 = 0. Suppose 9*u - w - 224 = 0. What is the tens digit of u?
3
Let g = -91 - 48. What is the hundreds digit of (0 + 1)/(-1)*(-738 - g)?
5
Let y be (1 - 7) + (-14)/(49/(-7)). Let w(m) = 93*m**2 + 2*m - 1. What is the thousands digit of w(y)?
1
Let a = -8783 + 35043. What is the units digit of a?
0
Let n(j) = j**2 - 8*j. Let d be n(8). Let b(f) = -6*f - 200. Let z(r) = 2*r + 67. Let k(p) = -4*b(p) - 11*z(p). What is the units digit of k(d)?
3
Let n be (23 - 1)*(-117062)/(-68). Suppose -69*g + n = 12067. What is the hundreds digit of g?
3
Suppose -24 = -763*b + 761*b. Suppose -b*r = 2*r - 3052. What is the units digit of r?
8
Let t = -13949 + 31583. What is the tens digit of t?
3
Let m(n) = -n + 30. Let z be m(27). Suppose z*h + 52 = 76. What is the tens digit of (0 + 1)/((-5 + h)/327)?
0
Suppose 4*g + 2*a = -2, 0 = 4*g - 4*a - 4 - 0. Suppose -o = 5, -2*b + 3*o - 5*o + 1420 = g. What is the tens digit of b?
1
Let m(c) = -102*c + 177. Suppose -29 = 4*u + 4*g - 21, 0 = 2*u + 4*g. What is the hundreds digit of m(u)?
5
Suppose c + 2*d = -11, -3*c - 3*d = -0*c + 21. Let n be (0 - (-20)/c)*384/80. Let z = 37 - n. What is the tens digit of z?
6
Suppose -7*o - 1057 = -14*o. Suppose 4*r = 5*r - 5. Suppose -5*c = 2*z - o, 5*z + r*c - 430 = -90. What is the units digit of z?
3
Let o be (-78)/4*(-24)/36. Suppose 18*h - o*h = -60. What is the hundreds digit of (1388/h)/(-1) + 4/12?
1
Suppose -2*h + j + 3580 = 0, 0*h = -h + 2*j + 1796. Let u = -1054 + h. What is the hundreds digit of u?
7
Let s be (-60)/(-52) + 4/(-26). Let j(n) = -4*n**2 - 30*n + 1. Let y be j(-7). Let u = y - s. What is the units digit of u?
4
Let o be 1154/3 + 78/(-9) + 9. Let b = 717 - o. What is the units digit of b?
2
Let x = -14976 - -25808. What is the tens digit of x?
3
Let u(w) = -27720*w - 3161. What is the hundreds digit of u(-2)?
2
Suppose 5*s - 5*x = 72854 + 15031, 4*s + 4*x = 70308. What is the thousands digit of s?
7
Suppose 16*w = 12*w + 264. Let a be (w + -24)*(4 + -1 - 1). Suppose -5*v + a = -261. What is the tens digit of v?
6
Let a = 40883 + -24384. What is the thousands digit of a?
6
Let x = 29 + -2. Let y = -25 + x. Suppose 244 = y*j + 4*m, -5*j + 0*m = m - 574. What is the tens digit of j?
1
Let g(m) = 2*m**2 - 31*m + 14. Let z = -42 - -57. Let r be g(z). What is the hundreds digit of ((-375)/(r*(-12)/(-8)))/2?
1
Suppose -2*n + 9887 = q, 21*n + 69155 = 7*q + 17*n. What is the thousands digit of q?
9
Let p = 6 + 37. Suppose 46 = -0*h + h. What is the hundreds digit of (p - h)*7/(-6)*46?
1
Let f(t) = 21*t**2 + 30*t - 59. What is the tens digit of f(-13)?
0
What is the thousands digit of (2 + 372/15)/(9/360)?
1
What is the thousands digit of (26616/(-15))/(68/(-680))?
7
Let q = 23548 - 6994. What is the hundreds digit of q?
5
Suppose 0 = -3*b + 18 - 3. Suppose q = -6*o + 9*o - 4039, -1337 = -o + b*q. What is the hundreds digit of o?
3
Let q = 444 + -165. Let k = 72 + q. What is the hundreds digit of k?
3
Let y be (-9885)/(-30) + 3/(-6). Let z = y + -221. What is the hundreds digit of z?
1
Suppose -85 + 106 = 7*u. Suppose -4*s - 1650 = -5*f + 257, -2*s + 1153 = u*f. What is the hundreds digit of f?
3
Suppose 23*s = 26*s + 90. Let v = 78 - s. What is the hundreds digit of v?
1
Let m = 347 - 344. Suppose -m*o + 4 + 2 = 0. What is the units digit of o?
2
Let g(y) = y**3 - 10*y**2 + 23*y - 12. Let d be g(7). Suppose 14*o + d*o - 18352 = 0. What is the tens digit of o?
4
What is the ten thousands digit of (105/95 + 2/(-19))/((-4)/(-51412))?
1
Let m = 7085 - 968. What is the tens digit of m?
1
Suppose 5*s = -2*t - 3*t + 940, 0 = -5*t + 4*s + 931. Let d = -264 + t. Let h = -25 - d.